s the hundreds digit of 993647?
6
What is the millions digit of 2170090?
2
What is the hundreds digit of 186752?
7
What is the units digit of 27941?
1
What is the units digit of 667849?
9
What is the thousands digit of 9000052?
0
What is the thousands digit of 20011178?
1
What is the millions digit of 19008139?
9
What is the tens digit of 2582403?
0
What is the units digit of 134434?
4
What is the tens digit of 428475?
7
What is the hundred thousands digit of 9659432?
6
What is the thousands digit of 649059?
9
What is the tens digit of 816653?
5
What is the ten thousands digit of 3194940?
9
What is the hundreds digit of 18727447?
4
What is the hundred thousands digit of 405944?
4
What is the ten millions digit of 18141653?
1
What is the thousands digit of 13578890?
8
What is the thousands digit of 22248?
2
What is the tens digit of 300530?
3
What is the hundred thousands digit of 535650?
5
What is the ten thousands digit of 4791107?
9
What is the hundred thousands digit of 244787?
2
What is the tens digit of 5961606?
0
What is the units digit of 19344?
4
What is the ten millions digit of 23015600?
2
What is the ten thousands digit of 144382?
4
What is the thousands digit of 704723?
4
What is the ten thousands digit of 1966582?
6
What is the thousands digit of 49120?
9
What is the hundred thousands digit of 2869466?
8
What is the thousands digit of 2067148?
7
What is the hundreds digit of 784358?
3
What is the thousands digit of 1737053?
7
What is the ten thousands digit of 69277?
6
What is the ten thousands digit of 864912?
6
What is the tens digit of 7372287?
8
What is the hundred thousands digit of 8469469?
4
What is the thousands digit of 34613?
4
What is the tens digit of 358701?
0
What is the tens digit of 391402?
0
What is the tens digit of 9026?
2
What is the thousands digit of 5320165?
0
What is the ten thousands digit of 4175590?
7
What is the thousands digit of 14344?
4
What is the thousands digit of 5606048?
6
What is the millions digit of 1186653?
1
What is the thousands digit of 3267336?
7
What is the hundreds digit of 3404871?
8
What is the units digit of 273057?
7
What is the units digit of 2399453?
3
What is the units digit of 2315541?
1
What is the thousands digit of 1053056?
3
What is the tens digit of 214873?
7
What is the ten thousands digit of 124198?
2
What is the hundred thousands digit of 455945?
4
What is the ten thousands digit of 20040978?
4
What is the millions digit of 1757220?
1
What is the units digit of 64357?
7
What is the hundreds digit of 444709?
7
What is the millions digit of 27405224?
7
What is the ten millions digit of 18100755?
1
What is the hundred thousands digit of 818328?
8
What is the hundreds digit of 201380?
3
What is the units digit of 261506?
6
What is the hundred thousands digit of 698272?
6
What is the thousands digit of 9116438?
6
What is the ten thousands digit of 106064?
0
What is the units digit of 3598810?
0
What is the units digit of 18033417?
7
What is the hundred thousands digit of 244635?
2
What is the hundreds digit of 274687?
6
What is the units digit of 531093?
3
What is the ten thousands digit of 7909907?
0
What is the hundreds digit of 12022808?
8
What is the hundreds digit of 368962?
9
What is the millions digit of 6495478?
6
What is the hundred thousands digit of 7294628?
2
What is the tens digit of 42917?
1
What is the ten thousands digit of 306000?
0
What is the units digit of 67424?
4
What is the units digit of 9737595?
5
What is the ten thousands digit of 495442?
9
What is the ten thousands digit of 13232575?
3
What is the ten millions digit of 11406247?
1
What is the ten thousands digit of 319744?
1
What is the hundreds digit of 1035642?
6
What is the tens digit of 1338921?
2
What is the tens digit of 602940?
4
What is the ten millions digit of 29474921?
2
What is the ten thousands digit of 635405?
3
What is the units digit of 1479886?
6
What is the millions digit of 18438926?
8
What is the millions digit of 1796369?
1
What is the hundred thousands digit of 695275?
6
What is the millions digit of 7151999?
7
What is the hundred thousands digit of 4435434?
4
What is the hundreds digit of 30212?
2
What is the hundreds digit of 2852947?
9
What is the thousands digit of 298293?
8
What is the thousands digit of 856335?
6
What is the units digit of 1331825?
5
What is the units digit of 271662?
2
What is the ten thousands digit of 377209?
7
What is the units digit of 99301?
1
What is the thousands digit of 521706?
1
What is the ten thousands digit of 4246391?
4
What is the hundred thousands digit of 1430331?
4
What is the ten thousands digit of 6578050?
7
What is the ten thousands digit of 783668?
8
What is the ten thousands digit of 1108278?
0
What is the ten thousands digit of 70229?
7
What is the ten thousands digit of 315876?
1
What is the ten thousands digit of 1224291?
2
What is the tens digit of 543703?
0
What is the hundreds digit of 781321?
3
What is the millions digit of 8664852?
8
What is the hundreds digit of 136158?
1
What is the hundred thousands digit of 1785281?
7
What is the tens digit of 81459?
5
What is the units digit of 460504?
4
What is the tens digit of 107163?
6
What is the units digit of 181736?
6
What is the hundreds digit of 1903485?
4
What is the units digit of 1149225?
5
What is the units digit of 444302?
2
What is the hundreds digit of 6854516?
5
What is the tens digit of 673309?
0
What is the ten thousands digit of 31487674?
8
What is the ten thousands digit of 44894?
4
What is the ten thousands digit of 358975?
5
What is the millions digit of 1747814?
1
What is the units digit of 462230?
0
What is the tens digit of 12669089?
8
What is the thousands digit of 12523995?
3
What is the thousands digit of 954244?
4
What is the tens digit of 369473?
7
What is the ten thousands digit of 3316214?
1
What is the hundred thousands digit of 2963302?
9
What is the units digit of 2975067?
7
What is the hundreds digit of 2635141?
1
What is the ten thousands digit of 6994853?
9
What is the tens digit of 227249?
4
What is the ten thousands digit of 6908837?
0
What is the hundred thousands digit of 448512?
4
What is the tens digit of 5172?
7
What is the millions digit of 3891306?
3
What is the thousands digit of 463565?
3
What is the millions digit of 4660369?
4
What is the hundred thousands digit of 8132535?
1
What is the thousands digit of 1194433?
4
What is the tens digit of 4687122?
2
What is the units digit of 8203?
3
What is the hundreds digit of 351527?
5
What is the ten thousands digit of 671321?
7
What is the hundreds digit of 13984332?
3
What is the hundreds digit of 4676509?
5
What is the units digit of 8409801?
1
What is the thousands digit of 178168?
8
What is the hundreds digit of 133419?
4
What is the units digit of 1043416?
6
What is the hundreds digit of 1596470?
4
What is the thousands digit of 372117?
2
What is the ten millions digit of 17007520?
1
What is the tens digit of 15700789?
8
What is the units digit of 224889?
9
What is the tens digit of 558456?
5
What is the thousands digit of 17294528?
4
What is the units digit of 23503336?
6
What is the ten thousands digit of 443630?
4
What is the hundreds digit of 1195219?
2
What is the tens digit of 166912?
1
What is the tens digit of 219962?
6
What is the hundreds digit of 2001276?
2
What is the units digit of 2999293?
3
What is the ten thousands digit of 17973320?
7
What is the units digit of 1195163?
3
What is the tens digit of 11915?
1
What is the hundreds digit of 923575?
5
What is the hundred thousands digit of 1480053?
4
What is the ten thousands digit of 123844?
2
What is the hundred thousands digit of 3698796?
6
What is the tens digit of 496793?
9
What is the hundred thousands digit of 316119?
3
What is the hundred thousands digit of 176210?
1
What is the hundred thousands digit of 1811277?
8
What is the units digit of 20372073?
3
What is the thousands digit of 308068?
8
What is the thousands digit of 9359009?
9
What is the units digit of 1049963?
3
What is the units digit of 332217?
7
What is the ten thousands digit of 783192?
8
What is the hundreds digit of 3476819?
8
What is the ten thousands digit of 11794247?
9
What is the tens digit of 20017934?
3
What is the units digit of 2193249